ive l(7).
73
Let s(l) = l + 23. Calculate s(-28).
-5
Let o(v) = -v**2 - 3*v - 17. What is o(7)?
-87
Let y(d) = 24*d. Determine y(-1).
-24
Let f(s) = -s**2 + 14*s - 3. Determine f(13).
10
Let l(v) = -2*v + 2. Give l(-3).
8
Let g(q) = -q**2 - 15*q - 16. Calculate g(-13).
10
Let q(f) = f**2 - 39*f + 283. Calculate q(29).
-7
Let n(f) = -f**2 - 3*f + 6. What is n(-4)?
2
Let a(w) = w**2 - 60*w + 290. What is a(5)?
15
Let s(i) = i**3 + 2*i - 1. Give s(1).
2
Let i(o) = -o**2 + 15*o - 41. What is i(17)?
-75
Let v(j) = 2*j**2 - 23*j + 15. What is v(11)?
4
Let g(k) = k**3 + k + 1. What is g(-2)?
-9
Let o(h) = -3*h**2 - 23*h + 1. Determine o(-11).
-109
Let c(q) = q**3 + 7*q**2 - 18*q - 1. Determine c(-9).
-1
Let n(h) = 2*h - 36. What is n(21)?
6
Let j(d) = -11*d - 48. Give j(-6).
18
Let m(k) = 4*k + 48. Give m(-12).
0
Let q(w) = -w**3 + 10*w**2 - 5. Determine q(10).
-5
Let h(g) = g**2 + 26*g - 117. Calculate h(-30).
3
Let r(c) = -5*c**2 - 8*c + 10. What is r(1)?
-3
Let t(i) = -i**2 + 17*i + 735. What is t(37)?
-5
Let f(a) = -2*a - 18. What is f(9)?
-36
Let n(d) = -d**2 - 25*d + 3. What is n(-22)?
69
Let g(z) = 27*z - 592. Calculate g(22).
2
Let n(h) = -h + 35. Give n(15).
20
Let v(p) = -13*p**3 + p**2 + p - 1. Determine v(1).
-12
Let h(t) = -9*t - 28. Give h(-8).
44
Let d(w) = -w**3 - 8*w**2 - 8*w - 7. Calculate d(-6).
-31
Let p(r) = r**2 + 19*r + 22. Determine p(-18).
4
Let n(h) = -h**2 + 45*h - 393. Determine n(33).
3
Let n(u) = u**3 + 17*u**2 + 28*u - 30. Determine n(-15).
0
Let z(r) = r**2 - 5*r + 10. What is z(3)?
4
Let b(k) = -k**2 - 13*k - 37. Give b(-8).
3
Let l(y) = y + 5. What is l(6)?
11
Let v(y) = y**3 - 14*y**2 + 69*y - 213. Calculate v(9).
3
Let h(d) = -17*d**2 - d + 2. Give h(1).
-16
Let i(l) = 8*l**2 + 4*l - 6. What is i(-3)?
54
Let m(d) = -d - 12. Calculate m(-9).
-3
Let p(a) = a**2 - 37*a + 163. What is p(33)?
31
Let z(y) = -y**2 - 2*y + 43. Calculate z(0).
43
Let b(k) = -2*k**2 + 11*k + 145. Calculate b(-6).
7
Let z(o) = o - 5. What is z(-5)?
-10
Let c(o) = 2*o + 21. Give c(-8).
5
Let t(w) = w**3 + 15*w**2 - 17*w - 22. What is t(-16)?
-6
Let p(w) = w**3 - 28*w**2 - 27*w - 72. Calculate p(29).
-14
Let c(y) = -19*y - 3. Determine c(-1).
16
Let v(j) = j**2 + j + 18. Determine v(-4).
30
Let p(f) = 3*f - 95. Calculate p(19).
-38
Let o(g) = -9*g**3 - 5*g**2 + g + 1. Give o(2).
-89
Let r(n) = 7*n**2. Determine r(1).
7
Let u(r) = -r**3 - 14*r**2 + 13*r - 17. Calculate u(-15).
13
Let g(w) = -w**2 + 16*w - 32. Determine g(2).
-4
Let d(s) = -s**3 - 12*s**2 - 2*s + 104. Calculate d(-11).
5
Let k(d) = d**3 + 6*d**2 - 7*d - 4. What is k(-6)?
38
Let j(i) = -i**3 - 8*i**2 + 4*i - 20. Calculate j(-7).
-97
Let s(m) = 4*m + 3. What is s(4)?
19
Let g(m) = -m**3 + m**2 - 24. What is g(0)?
-24
Let i(z) = -2*z**2 - 12*z + 50. Determine i(3).
-4
Let x(c) = -42*c - 4. What is x(2)?
-88
Let n(b) = b**2 + 2*b - 5. Calculate n(-4).
3
Let w(k) = k**2 + 18*k + 79. What is w(-9)?
-2
Let p(c) = c**3 + 4*c**2 - 54*c - 82. What is p(-9)?
-1
Let o(h) = -h**3 - 12*h**2 + h + 8. Determine o(-12).
-4
Let i(g) = g**2 + 20*g - 106. Determine i(-24).
-10
Let m(q) = -q + 3. Calculate m(1).
2
Let i(b) = 2*b**2 - 12*b + 4. Give i(5).
-6
Let b(y) = 2*y + 22. What is b(-8)?
6
Let u(f) = -f**3 + 7*f**2 - 2*f - 4. What is u(3)?
26
Let c(z) = -2*z**2 - 59*z - 359. Determine c(-9).
10
Let q(b) = b**3 + 13*b**2 + 8*b - 64. Give q(-12).
-16
Let l(o) = -2*o - 23. Give l(-12).
1
Let k(z) = 3*z**2 - 15*z + 23. Determine k(4).
11
Let o(d) = d**3 - 6*d**2 - 8*d - 9. What is o(7)?
-16
Let y(p) = p**3 - 10*p**2 - 11*p. What is y(11)?
0
Let p(d) = -d**2 - 17*d - 68. Give p(-14).
-26
Let b(d) = d**3 + 9*d**2 - 11*d + 9. Determine b(-10).
19
Let d(v) = v**3 - 14*v**2 + 23*v + 17. Determine d(12).
5
Let r(p) = p**3 + 5*p**2 + 7*p + 6. Determine r(-4).
-6
Let p(a) = 7*a**2 - 33*a - 6. What is p(5)?
4
Let y(v) = -8*v + 71. Give y(12).
-25
Let c(o) = 11*o - 61. Give c(7).
16
Let d(m) = -2*m**2 + 12*m + 14. Calculate d(8).
-18
Let v(k) = k**3 - 5*k**2 + 2*k - 5. Calculate v(5).
5
Let j(a) = a**3 + 18*a**2 - 23*a - 83. Calculate j(-19).
-7
Let k(w) = -2*w**2 + 115*w - 61. Give k(57).
-4
Let i(w) = w**3 + 2*w**2 - w + 7. Give i(-3).
1
Let i(j) = j**3 - 29*j**2 + 44. Give i(29).
44
Let l(d) = -2*d**2 + 17*d - 27. Give l(13).
-144
Let j(o) = o**3 - 12*o**2 - 12*o + 24. Determine j(13).
37
Let s(b) = -2*b**2 + 6*b + 10. Determine s(-2).
-10
Let x(z) = 2*z**2 + 37*z + 73. Give x(-16).
-7
Let q(i) = i**3 - i**2 + 7*i - 20. Calculate q(0).
-20
Let w(b) = 28*b**3 - 2*b**2 - 2*b - 1. Determine w(-1).
-29
Let i(d) = d**3 - 5*d**2 - 9*d + 3. Determine i(6).
-15
Let h(q) = -2*q + 11. Calculate h(21).
-31
Let j(b) = b - 37. Determine j(11).
-26
Let r(j) = -2*j**2 - 6*j - 2. Calculate r(-4).
-10
Let v(d) = 2*d**3 - 2*d**2 + d - 5. Give v(2).
5
Let z(f) = f**2 - 9*f + 12. What is z(6)?
-6
Let q(d) = 3*d - 14. What is q(7)?
7
Let v(l) = -198*l - 1587. What is v(-8)?
-3
Let c(u) = -u**3 - 4*u**2 - 3*u - 14. Determine c(0).
-14
Let d(a) = a**3 + 7*a**2 + 2*a + 17. Calculate d(-7).
3
Let w(u) = -3*u**2 - 14*u + 7. Calculate w(-5).
2
Let w(u) = -u**2 - u. Give w(-2).
-2
Let g(i) = 23*i - 234. Determine g(9).
-27
Let n(u) = -u**3 + 8*u**2 + 11. Calculate n(8).
11
Let k(j) = j**3 - 6*j**2 - 20*j + 41. Give k(8).
9
Let u(y) = -7*y**2 - 3*y + 2. What is u(1)?
-8
Let z(d) = -d**2 - 14*d + 19. Determine z(-15).
4
Let v(a) = a**3 + 3*a**2 - 6*a - 1. Determine v(-4).
7
Let w(v) = -v**3 + 5*v**2 - 2*v - 7. What is w(3)?
5
Let w(s) = 2*s + 15. What is w(-6)?
3
Let z(f) = 10*f + 180. Give z(-17).
10
Let t(c) = -c**3 + 4*c**2 + c - 4. What is t(3)?
8
Let y(n) = n**2 + 7*n + 6. Give y(-4).
-6
Let c(j) = 9*j - 22. Calculate c(7).
41
Let f(g) = -g**3 + 11*g**2 - 14*g + 33. What is f(10)?
-7
Let v(p) = -4*p - 51. Calculate v(-16).
13
Let j(c) = c**3 + 13*c**2 + 41*c - 4. Calculate j(-7).
3
Let m(s) = 2*s**3 - s**2 - s - 1. Give m(3).
41
Let x(z) = 5*z**2 - 29*z - 2. Calculate x(6).
4
Let l(r) = -5*r**3 - r**2 - r - 1. What is l(-1)?
4
Let a(k) = 16*k - 292. Calculate a(18).
-4
Let i(v) = 2*v - 23. Give i(22).
21
Let o(y) = -y**2 + 13*y - 17. Give o(11).
5
Let g(p) = 5*p - 14. Determine g(5).
11
Let r(z) = z**3 + 6*z**2 - 11*z + 2. Calculate r(-8).
-38
Let k(n) = -8*n + 83. Calculate k(10).
3
Let p(s) = 2*s + 14. Give p(10).
34
Let a(l) = l + 10. Give a(-10).
0
Let i(y) = -y**2 + 6*y - 1. Determine i(7).
-8
Let i(j) = -21*j - 6. Calculate i(1).
-27
Let o(w) = -w**3 - 5*w**2 + 5*w + 9. Calculate o(-4).
-27
Let i(v) = -3*v + 36. Calculate i(10).
6
Let m(o) = -o**3 + 8*o**2 - 12*o - 9. Give m(7).
-44
Let m(v) = -v**2 - 4*v + 8. Calculate m(-5).
3
Let u(f) = -4*f**2 - 3*f + 6. Calculate u(3).
-39
Let o(z) = 2*z**2 + 15*z + 39. Give o(-4).
11
Let i(n) = -n**2 + 12*n - 8. Give i(11).
3
Let w(f) = 5*f + 12. What is w(5)?
37
Let u(h) = -h**2 - 20*h - 18. What is u(-17)?
33
Let y(f) = -3*f - 12. Determine y(-21).
51
Let k(v) = v**3 - 3*v**2 - 7*v. What is k(5)?
15
Let r(q) = -22*q - 10. Give r(-2).
34
Let c(y) = -2*y + 14. Calculate c(6).
2
Let s(l) = 8*l - 65. Give s(7).
-9
Let w(s) = s**2 - 23*s - 119. Give w(28).
21
Let i(r) = -3*r**3 - 14*r**2 - 5*r + 14. What is i(-4)?
2
Let z(m) = 12*m + 189. Give z(-21).
-63
Let i(m) = -11*m + 11. Give i(4).
-33
Let z(y) = -30*y - 1. Give z(-1).
29
Let a(v) = 28*v - 20. Determine a(6).
148
Let d(z) = -5*z**2 + 57*z - 11. What is d(11)?
11
Let y(r) = -22*r + 24. Calculate y(4).
-64
Let f(i) = 7*i - 2. Calculate f(2).
12
Let q(r) = 2*r - 17. Determine q(8).
-1
Let v(m) = -5*m - 12. Determine v(-3).
3
Let h(b) = -3*b**3. Determine h(-1).
3
Let c(w) = -w**3 - 6*w**2 + 6*w - 14. What is c(-7)?
-7
Let w(g) = g**2 + 18*g + 18. What is w(-17)?
1
Let m(t) = -2*t + 11. What is m(6)?
-1
Let h(p) = -2*p + 10. Give h(8).
-6
Let w(h) = -9*h + 6. Determine w(3).
-21
Let y(t) = -t**2 + 5*t + 9. Give y(7).
-5
Let i(b) = b**2 + 26*b + 67. What is i(-20)?
-53
Let h(u) = 2*u**2 - 14*u + 3. Give h(10).
63
Let j(q) = -2*q**2 + 9*q - 7. Calculate j(7).
-42
Let k(l) = 2*l**2 + 28*l + 92. Calculate k(-10).
12
Let i(d) = -d**2 + 11*d - 23. Give i(6).
7
Let a(l) = -45*l + 370. What is a(8)?
10
Let a(u) = -2*u - 42. Calculate a(-16).
-10
Let j(o) = 2*o**2 + 2*o - 32. Give j(3).
-8
Let g(z) = 4*z - 3. Give g(-1).
-7
Let d(q) = -q**